ber?
False
Is 248041 prime?
True
Is 590243 composite?
False
Is 103451 composite?
False
Is 7249 prime?
False
Is 17957 composite?
False
Is 19841 a prime number?
True
Is 13649 prime?
True
Is 8457 prime?
False
Is 48253 a composite number?
True
Is 32729 prime?
False
Is 4857 composite?
True
Is 4666 a prime number?
False
Is 259 a prime number?
False
Is 27589 prime?
False
Is 15685 composite?
True
Is 172619 composite?
False
Is 209459 composite?
False
Is 1259023 prime?
False
Is 58321 composite?
False
Is 2117649 prime?
False
Is 2767043 a prime number?
True
Is 961433 prime?
False
Is 5209 a composite number?
False
Is 2021941 a composite number?
True
Is 10279 a prime number?
False
Is 43391 prime?
True
Is 51593 composite?
False
Is 4971 a prime number?
False
Is 2236285 prime?
False
Is 308003 a prime number?
True
Is 24437 prime?
False
Is 5287 composite?
True
Is 47037 a composite number?
True
Is 8097 a composite number?
True
Is 16637 a prime number?
False
Is 43773 a composite number?
True
Is 23801 a composite number?
False
Is 26997 composite?
True
Is 5381 a prime number?
True
Is 480163 a composite number?
True
Is 50815 composite?
True
Is 320377 a composite number?
False
Is 49681 prime?
True
Is 210709 composite?
False
Is 4265 a prime number?
False
Is 344053 a prime number?
True
Is 54709 a composite number?
False
Is 85001 a composite number?
True
Is 21089 prime?
True
Is 191 prime?
True
Is 21281 a prime number?
False
Is 141157 composite?
False
Is 28415 prime?
False
Is 6797 a prime number?
False
Is 59987 a composite number?
True
Is 1119 composite?
True
Is 49519 a prime number?
False
Is 107713 composite?
False
Is 157 a prime number?
True
Is 503339 a prime number?
True
Is 1247371 composite?
False
Is 8663 composite?
False
Is 45827 composite?
False
Is 13259 prime?
True
Is 6898 composite?
True
Is 841994 prime?
False
Is 130927 a composite number?
False
Is 25837 composite?
True
Is 2942843 prime?
True
Is 3079 a prime number?
True
Is 17467 composite?
False
Is 251033 a composite number?
False
Is 9953 a composite number?
True
Is 20523 a composite number?
True
Is 6593 a composite number?
True
Is 147277 composite?
True
Is 20557 prime?
False
Is 141131 composite?
False
Is 155318 a composite number?
True
Is 667 prime?
False
Is 9601 composite?
False
Is 1551949 prime?
False
Is 4535 prime?
False
Is 1811 prime?
True
Is 21059 prime?
True
Is 425114 composite?
True
Is 13441 a prime number?
True
Is 197195 composite?
True
Is 74 prime?
False
Is 18637 prime?
True
Is 23378 composite?
True
Is 1738207 prime?
True
Is 1845401 a composite number?
True
Is 106221 prime?
False
Is 30377 composite?
True
Is 718 prime?
False
Is 23501 composite?
True
Is 52565 a prime number?
False
Is 24281 prime?
True
Is 1670059 composite?
False
Is 75269 composite?
False
Is 373973 prime?
False
Is 57895 a prime number?
False
Is 1647361 a prime number?
True
Is 37039 prime?
True
Is 1391893 a composite number?
False
Is 123719 a prime number?
True
Is 1174879 prime?
True
Is 37483 a prime number?
True
Is 30209 a prime number?
False
Is 721 a composite number?
True
Is 7393 prime?
True
Is 961679 a composite number?
False
Is 11917 a prime number?
False
Is 515903 composite?
True
Is 16237 a composite number?
True
Is 493091 a prime number?
False
Is 560523 prime?
False
Is 1794313 composite?
False
Is 9031 prime?
False
Is 40297 prime?
False
Is 1455241 prime?
True
Is 5163 composite?
True
Is 437 composite?
True
Is 388541 a prime number?
True
Is 78241 a prime number?
True
Is 619079 a composite number?
False
Is 27733 composite?
False
Is 4564853 composite?
False
Is 1459277 a prime number?
True
Is 2761 composite?
True
Is 1168445 a composite number?
True
Is 184339 a prime number?
False
Is 41381 prime?
True
Is 9601 composite?
False
Is 9382 composite?
True
Is 143669 prime?
True
Is 110863 composite?
False
Is 202277 composite?
False
Is 9094 prime?
False
Is 2977 a composite number?
True
Is 11683 composite?
True
Is 28321 prime?
False
Is 496835 a prime number?
False
Is 77471 a prime number?
True
Is 248657 a prime number?
True
Is 92623 a prime number?
True
Is 75673 a composite number?
True
Is 2723 composite?
True
Is 10289 composite?
False
Is 4699 prime?
False
Is 54921 a composite number?
True
Is 726233 composite?
True
Is 539857 composite?
True
Is 113519 prime?
False
Is 231011 a prime number?
False
Is 132019 composite?
False
Is 587033 a composite number?
False
Is 170333 a prime number?
False
Is 9687 composite?
True
Is 1054771 a composite number?
True
Is 476209 composite?
True
Is 791 composite?
True
Is 164147 composite?
False
Is 587 a prime number?
True
Is 48446 composite?
True
Is 96979 a composite number?
False
Is 1143161 prime?
True
Is 8047 a composite number?
True
Is 388513 composite?
True
Is 355841 a prime number?
True
Is 20597 a composite number?
True
Is 9979 a composite number?
True
Is 104947 prime?
True
Is 60721 a composite number?
True
Is 599921 a composite number?
True
Is 2971 prime?
True
Is 1801 prime?
True
Is 73345 a composite number?
True
Is 5147 a prime number?
True
Is 107119 prime?
True
Is 3662 prime?
False
Is 232259 composite?
False
Is 95597 prime?
True
Is 867253 prime?
True
Is 134429 a prime number?
False
Is 26603 prime?
False
Is 228637 prime?
True
Is 112007 a prime number?
False
Is 485 composite?
True
Is 23093 a prime number?
False
Is 32329 prime?
False
Is 10027 a composite number?
True
Is 17647 a composite number?
True
Is 314881 prime?
False
Is 395042 composite?
True
Is 97673 composite?
False
Is 519457 a composite number?
False
Is 35353 prime?
True
Is 193517 prime?
False
Is 10301 a prime number?
True
Is 30389 a composite number?
False
Is 110545 a prime number?
False
Is 8069 a composite number?
False
Is 2918 composite?
True
Is 26905 composite?
True
Is 6947 a composite number?
False
Is 12037 a composite number?
False
Is 124373 prime?
False
Is 9277 a prime number?
True
Is 252398 prime?
False
Is 35597 a composite number?
False
Is 407209 a prime number?
False
Is 3293 a composite number?
True
Is 122753 prime?
True
Is 999223 a composite number?
True
Is 255761 composite?
True
Is 1638262 a composite number?
True
Is 5561 prime?
False
Is 31687 prime?
True
Is 289331 a composite number?
True
Is 5267 composite?
True
Is 617579 a prime number?
True
Is 13649 prime?
True
Is 267191 a prime number?
False
Is 6209 a prime number?
False
Is 491237 composite?
True
Is 523381 a prime number?
False
Is 10315 a prime number?
False
Is 30183 a composite number?
True
Is 155171 prime?
True
Is 814097 prime?
True
Is 4637 composite?
False
Is 227947 a composite number?
False
Is 317257 composite?
False
Is 102359 a prime number?
True
Is 127339 a prime number?
False
Is 35047 a prime number?
False
Is 55951 prime?
False
Is 87445 a prime number?
False
Is 4321 a composite number?
True
Is 12853 prime?
True
Is 1416433 a prime number?
True
Is 166237 a composite number?
False
Is 539363 prime?
False
Is 21971 composite?
True
Is 9533 prime?
True
Is 218591 prime?
True
Is 90067 a composite number?
False
Is 224795 prime?
False
Is 284041 prime?
True
Is 3967 prime?
True
Is 165701 composite?
False
Is 135319 prime?
True
Is 75971 composite?
True
Is 146897 prime?
False
Is 11545 composite?
True
Is 140293 a composite number?
True
Is 16127 a composite number?
False
Is 822881 prime?
True
Is 16503 composite?
True
Is 31571 composite?
True
Is 118511 composite?
True
Is 26769 composite?
True
Is 53065 composite?
True
Is 152293 prime?
True
Is 11667 a composite number?
True
Is 173531 a prime number?
True
Is 917513 a prime number?
True
Is 70423 composite?
False
Is 2792023 a prime number?
False
Is 682273 a prime number?
False
Is 478046 a composite number?
True
Is 54521 a composite number?
False
Is 86011 composite?
False
Is 2441 prime?
True
Is 9413 a composite number?
False
Is 218887 prime?
True
Is 17623 composite?
False
Is 12127 a prime number?
False
Is 12178 prime?
False
Is 5981 composite?
False
Is 16015 prime?
False
Is 29917 composite?
False
Is 6833 a prime number?
True
Is 1941955 composite?
True
Is 4861 a composite number?
False
Is 523417 composite?
False
Is 81866 prime?
False
Is 294773 prime?
True
Is 6593 composite?
True
Is 4867 prime?
False
Is 34739 composite?
False
Is 216803 a prime number?
True
Is 124883 composite?
True
Is 2051 a prime number?
False
Is 2089613 a prime number?
True
Is 142567 composit